 Let h be (x - -40)/((-129)/(-172)). What is the greatest common divisor of 65 and h?
13
Let w be 2/(14/35) - 8241. Let x be (2 - (-5)/(-2))/(58/w). Calculate the greatest common factor of 355 and x.
71
Let f be (-740)/(-6) - 63/((-1512)/64). Calculate the highest common divisor of f and 1582.
14
Suppose 295*a = -5*a - 62*a + 133216. What is the greatest common factor of a and 10?
2
Suppose -4*x = 7*j - 6*j - 579, 0 = j + 3*x - 574. Calculate the highest common divisor of j and 52.
13
Let g(y) = -y**3 - 3*y**2 - 9*y + 11. Let w be g(-7). Let t = 725 - w. Calculate the highest common divisor of t and 130.
65
Let o = 2148 - 578. Calculate the highest common factor of o and 20.
10
Let m be -4 - (-6 + (3 - (-4 - -12))). Suppose 0 = -6*r + 3*r + 9. Let q = 4 - r. Calculate the greatest common divisor of q and m.
1
Suppose 0 = z + 398*d - 402*d - 172, -z + 140 = 4*d. What is the highest common divisor of z and 924?
12
Suppose 1716*w = -5*y + 1717*w + 361, 0 = -3*y + 5*w + 221. What is the greatest common factor of y and 468?
36
Suppose 16 = 2*a + 8. Suppose -6*p + 64 = -a*p. Let b be 2/(-3 + 290/96). What is the highest common factor of b and p?
32
Let n be (-2)/8*-4 + 0/3. Let r be (n + 86/6)*-3*2. Let i = r - -96. What is the highest common factor of 4 and i?
4
Let q = -1365 - -1422. What is the greatest common factor of 501 and q?
3
Let g be 1 - 8/(-10)*10/2. Let r be 39/(-13) + (-5)/((-10)/76). What is the highest common divisor of g and r?
5
Let a = -2051 - -2114. Calculate the greatest common divisor of a and 1743.
21
Let y(t) = 42*t**2 - 56*t + 62. Let g be y(-17). What is the greatest common divisor of 4 and g?
4
Suppose -4*f = -25*o + 26*o - 166, 4*f - 514 = -3*o. Calculate the highest common factor of o and 6032.
58
Let z = 37700 - 37658. Calculate the greatest common divisor of 2072 and z.
14
Suppose -9*a = -2405 + 821. Let l = 185 - a. Calculate the highest common divisor of l and 117.
9
Suppose -166 + 481 = 15*v. Suppose -7*a = -3*a - 24. Let r be 210/20*8/a. What is the greatest common divisor of v and r?
7
Suppose 0 = -2*s - 5*w + 2964, 4*s - 6834 = -2*w - 938. What is the greatest common divisor of s and 512?
64
Let j be (432/(-32) - -11)/(2/(-16)). Calculate the highest common divisor of j and 11230.
10
Let m be (45/(-30))/((-18)/64)*(-243)/(-54). What is the highest common divisor of m and 666?
6
Suppose 104*y - 94*y - 2060 = 0. Let a be (-22 + -5)/9 + y/2. What is the greatest common divisor of a and 60?
20
Let u be ((-1769)/427 + 3)*(1 + 6)*-1. Let a(m) = m**2 + m + 4. Let n be a(4). What is the highest common factor of n and u?
8
Suppose 16*y = 17*y - 480. Suppose y = 2*j - 422. What is the greatest common divisor of j and 11?
11
Let c(d) = 3*d**3 - 56*d**2 - 7*d - 52. Let b be c(19). What is the greatest common factor of b and 132?
44
Let f = 2367 - 2355. Calculate the highest common divisor of 2532 and f.
12
Let o(z) = 24*z + 664. Let i be o(47). What is the greatest common divisor of 1176 and i?
56
Let o = 18414 - 18206. Calculate the greatest common divisor of o and 7228.
52
Let m(n) = n**2 - 4*n. Let i be m(4). Let x be (2 - 1)*i/3. Suppose -2*v = -2*o + 60, 4*o + v + v - 120 = x. Calculate the greatest common divisor of o and 150.
30
Let n = 4050 - 2463. Calculate the highest common divisor of 138 and n.
69
Let z be (13752/27 - 6)*6. What is the greatest common factor of 20 and z?
20
Let p = 246 - 233. Suppose -3*v + 2240 = p*v. Calculate the highest common factor of 210 and v.
70
Suppose -369 = 22*v + 643. Suppose 0 = 4*q - 5*b - 401, -4*b - 499 = -10*q + 5*q. Let m = v + q. Calculate the highest common factor of m and 53.
53
Suppose -88 = -q - 96. Let c be 190 - ((-20)/16 + 30/q). What is the highest common factor of 30 and c?
15
Suppose 0 = -m + 2*l + 460, 29*l + 910 = 2*m + 30*l. What is the greatest common divisor of m and 16644?
228
Let a be -4*7/182 - (-888)/26. Suppose a = -5*y + 7*y. What is the greatest common factor of 323 and y?
17
Let v = 621 + -611. Suppose -4*p + 4*l + 180 = 0, -9*l + v*l = -p + 49. What is the highest common divisor of 752 and p?
47
Let m(c) = -c**3 - 3*c**2 + 6*c - 15. Suppose -4*f = 30 - 10. Let k be m(f). Calculate the highest common divisor of 135 and k.
5
Let k be (36/28)/(99/1159389). Calculate the highest common factor of 63 and k.
63
Let z = -40 - -30. Let g(q) be the first derivative of -q**2 + 16*q + 17. Let c be g(z). What is the greatest common divisor of c and 60?
12
Let n = 677 - 977. Let x = n + 314. Suppose -378 = -2*q - q. What is the highest common divisor of x and q?
14
Suppose 42*n - 130113 = -53*n - 88*n. Calculate the highest common divisor of 8295 and n.
237
Let u be ((-2)/(-4)*-3)/(12/(-40)). Suppose -5*c = -0*f + 4*f - 3340, -3*f - 3305 = -u*c. What is the greatest common divisor of 8 and c?
8
Let p be (26/(-39))/(3 + 1625/(-540)). Calculate the highest common factor of 4008 and p.
24
Let k = -3298 - -3334. What is the highest common factor of k and 180?
36
Suppose -17 = 2*f - 65. Suppose 2*w = 7*w + 5*i - 1245, 3*w - 3*i - 729 = 0. Let b = 255 - w. Calculate the highest common divisor of f and b.
3
Suppose 2*k = 2*u - 20, 11*k - 13*k = 3*u - 5. Suppose -2*x - u*l = -183, 2*l + 408 = 5*x - 2*l. What is the greatest common factor of 105 and x?
21
Let x(d) = -36*d - 128. Let u be x(-6). Calculate the highest common divisor of u and 209.
11
Let g(w) = 14*w - 79. Let l(j) = 2*j + 2. Let x(d) = g(d) - 3*l(d). Let m be x(15). Calculate the greatest common divisor of 1015 and m.
35
Let l = -301 + 121. Let d be (-1*2/(-3))/((-24)/l). Suppose -2*i - d*h = 17, -4*h - 16 = -i + 8. What is the highest common factor of i and 2?
2
Let g(b) = 558*b**2 - 4*b + 3. Let f be g(1). Let w = 753 - f. What is the highest common factor of w and 4?
4
Let a = -303 - -415. Suppose -3*v = 4*c - 76, -2*c + 31 = v + 9. Calculate the highest common factor of a and v.
16
Suppose 0 = 2*j - 2*m - 1946, 3*m - 87 = -4*j + 3770. What is the highest common divisor of 352 and j?
88
Suppose 0 = 27*n - 29*n - 46. Let o be -16*(-3 + n/2 - -1). Let t be 2/6 - 720/(-27). Calculate the highest common factor of o and t.
27
Suppose -47*h = -4*c - 43*h + 704, 0 = c + 4*h - 151. What is the greatest common factor of 171 and c?
171
Suppose -7*b + 126 = -4*b. Let j = 960 + -478. Suppose 10*w = -b + j. Calculate the greatest common factor of w and 66.
22
Suppose 2*g - 702 = -272. Let k(n) = -2941*n - 173514. Let x be k(-59). Calculate the greatest common factor of g and x.
5
Let y = -2234 + 2870. What is the greatest common divisor of 108 and y?
12
Let x = 1485 + -1401. What is the greatest common divisor of 21 and x?
21
Let d be 2 + -5 + 5 - -1. Suppose -w = 4*x - 24, 3*x - 49 = -d*w - 13. Calculate the greatest common factor of 24 and w.
8
Let o(b) = 26*b**2 - 2*b. Let r = -84 + 82. Let g be (3 - (-35)/(-14))/(1/r). Let i be o(g). Calculate the greatest common divisor of i and 4.
4
Suppose -895 = -3*d + x, x + 131 = d - 170. Calculate the highest common divisor of d and 44.
11
Let m(i) = i**3 + 7*i**2 - 9*i + 10. Let f = -263 + 267. Let d be m(f). Calculate the greatest common factor of 3 and d.
3
Let r = 2911 - 1833. Calculate the greatest common factor of 294 and r.
98
Let b(a) = 3*a**3 - 68*a**2 + 10*a + 29. Let z be b(23). Calculate the highest common divisor of 24 and z.
4
Let f(t) = -2757*t - 581. Let c be f(-9). What is the greatest common factor of c and 233?
233
Suppose 25*s - 21*s = 60. Let g be s - -7 - -1*3. What is the highest common divisor of 1 and g?
1
Let q(f) = 2*f**2 + 5*f - 6. Let m be q(-4). Suppose m*n - 120 = -2*n. Calculate the greatest common factor of n and 25.
5
Suppose 97*d - 3755 - 126519 = -5435. What is the greatest common divisor of 715 and d?
143
Let s(q) = -2*q**2 + 81*q - 487. Let c be s(32). Calculate the greatest common factor of 323 and c.
19
Suppose 6*z - 2 - 22 = 0. Suppose -8*r + 74 = -z*r - d, -3*r - 3*d + 48 = 0. Suppose 3*l + 3*l = 1296. What is the highest common divisor of r and l?
18
Let z be (63/12)/(5/20). Let l be 6 + (z/(-3) - (-5 + 2)). Calculate the greatest common divisor of l and 2.
2
Let r = 15364 + -13104. Calculate the greatest common factor of 80 and r.
20
Let p = -189 - -205. Let x(h) = -h**2 + 21*h - 49. Let v be x(p). What is the greatest common fac